{"id":585,"date":"2023-02-27T11:16:38","date_gmt":"2023-02-27T11:16:38","guid":{"rendered":"https:\/\/dpe-energietechnik.de\/home\/?page_id=585"},"modified":"2023-03-31T09:25:28","modified_gmt":"2023-03-31T09:25:28","slug":"stueckholz","status":"publish","type":"page","link":"https:\/\/dpe-energietechnik.de\/home\/stueckholz\/","title":{"rendered":"St\u00fcckholz"},"content":{"rendered":"\t\t<div data-elementor-type=\"wp-page\" data-elementor-id=\"585\" class=\"elementor elementor-585\">\n\t\t\t\t\t\t<section class=\"elementor-section elementor-top-section elementor-element elementor-element-a548a57 elementor-section-boxed elementor-section-height-default elementor-section-height-default\" data-id=\"a548a57\" data-element_type=\"section\" data-e-type=\"section\">\n\t\t\t\t\t\t<div class=\"elementor-container elementor-column-gap-default\">\n\t\t\t\t\t<div class=\"elementor-column elementor-col-100 elementor-top-column elementor-element elementor-element-c1fea81\" data-id=\"c1fea81\" data-element_type=\"column\" data-e-type=\"column\">\n\t\t\t<div class=\"elementor-widget-wrap elementor-element-populated\">\n\t\t\t\t\t\t<div class=\"elementor-element elementor-element-281da69 elementor-widget elementor-widget-text-editor\" data-id=\"281da69\" data-element_type=\"widget\" data-e-type=\"widget\" data-widget_type=\"text-editor.default\">\n\t\t\t\t<div class=\"elementor-widget-container\">\n\t\t\t\t\t\t\t\t\t<p>Sie m\u00f6chten erfahren, ob eine Hachgutanlage das richtige f\u00fcr Sie ist? <br \/>Hier sind die wichtigsten Informationen zu den Heizkessel, <br \/>wenn Sie dennoch fragen haben, rufen Sie uns gerne an. <br \/>Wir beraten Sie gerne.<\/p>\t\t\t\t\t\t\t\t<\/div>\n\t\t\t\t<\/div>\n\t\t\t\t\t<\/div>\n\t\t<\/div>\n\t\t\t\t\t<\/div>\n\t\t<\/section>\n\t\t\t\t<section class=\"elementor-section elementor-top-section elementor-element elementor-element-dfe3869 elementor-section-boxed elementor-section-height-default elementor-section-height-default\" data-id=\"dfe3869\" data-element_type=\"section\" data-e-type=\"section\">\n\t\t\t\t\t\t<div class=\"elementor-container elementor-column-gap-default\">\n\t\t\t\t\t<div class=\"elementor-column elementor-col-100 elementor-top-column elementor-element elementor-element-c3cd4ee\" data-id=\"c3cd4ee\" data-element_type=\"column\" data-e-type=\"column\">\n\t\t\t<div class=\"elementor-widget-wrap elementor-element-populated\">\n\t\t\t\t\t\t<div class=\"elementor-element elementor-element-25fd36f elementor-widget elementor-widget-spacer\" data-id=\"25fd36f\" data-element_type=\"widget\" data-e-type=\"widget\" data-widget_type=\"spacer.default\">\n\t\t\t\t<div class=\"elementor-widget-container\">\n\t\t\t\t\t\t\t<div class=\"elementor-spacer\">\n\t\t\t<div class=\"elementor-spacer-inner\"><\/div>\n\t\t<\/div>\n\t\t\t\t\t\t<\/div>\n\t\t\t\t<\/div>\n\t\t\t\t\t<\/div>\n\t\t<\/div>\n\t\t\t\t\t<\/div>\n\t\t<\/section>\n\t\t\t\t<section class=\"elementor-section elementor-top-section elementor-element elementor-element-1c22e3a elementor-section-boxed elementor-section-height-default elementor-section-height-default\" data-id=\"1c22e3a\" data-element_type=\"section\" data-e-type=\"section\">\n\t\t\t\t\t\t<div class=\"elementor-container elementor-column-gap-default\">\n\t\t\t\t\t<div class=\"elementor-column elementor-col-100 elementor-top-column elementor-element elementor-element-2ab0d97\" data-id=\"2ab0d97\" data-element_type=\"column\" data-e-type=\"column\">\n\t\t\t<div class=\"elementor-widget-wrap elementor-element-populated\">\n\t\t\t\t\t\t<div class=\"elementor-element elementor-element-ba12332 elementor-widget elementor-widget-text-editor\" data-id=\"ba12332\" data-element_type=\"widget\" data-e-type=\"widget\" data-widget_type=\"text-editor.default\">\n\t\t\t\t<div class=\"elementor-widget-container\">\n\t\t\t\t\t\t\t\t\t<p><strong>ETA Holzvergaserkessel<\/strong><\/p>\t\t\t\t\t\t\t\t<\/div>\n\t\t\t\t<\/div>\n\t\t\t\t\t<\/div>\n\t\t<\/div>\n\t\t\t\t\t<\/div>\n\t\t<\/section>\n\t\t\t\t<section class=\"elementor-section elementor-top-section elementor-element elementor-element-bc5bae0 elementor-section-boxed elementor-section-height-default elementor-section-height-default\" data-id=\"bc5bae0\" data-element_type=\"section\" data-e-type=\"section\">\n\t\t\t\t\t\t<div class=\"elementor-container elementor-column-gap-default\">\n\t\t\t\t\t<div class=\"elementor-column elementor-col-100 elementor-top-column elementor-element elementor-element-dbf8a9d\" data-id=\"dbf8a9d\" data-element_type=\"column\" data-e-type=\"column\">\n\t\t\t<div class=\"elementor-widget-wrap elementor-element-populated\">\n\t\t\t\t\t\t<div class=\"elementor-element elementor-element-dee0c27 elementor-tabs-view-horizontal elementor-widget elementor-widget-tabs\" data-id=\"dee0c27\" data-element_type=\"widget\" data-e-type=\"widget\" data-widget_type=\"tabs.default\">\n\t\t\t\t<div class=\"elementor-widget-container\">\n\t\t\t\t\t\t\t<div class=\"elementor-tabs\">\n\t\t\t<div class=\"elementor-tabs-wrapper\" role=\"tablist\" >\n\t\t\t\t\t\t\t\t\t<div id=\"elementor-tab-title-2331\" class=\"elementor-tab-title elementor-tab-desktop-title\" aria-selected=\"true\" data-tab=\"1\" role=\"tab\" tabindex=\"0\" aria-controls=\"elementor-tab-content-2331\" aria-expanded=\"false\">ETA SH Varianten<\/div>\n\t\t\t\t\t\t\t\t\t<div id=\"elementor-tab-title-2332\" class=\"elementor-tab-title elementor-tab-desktop-title\" aria-selected=\"false\" data-tab=\"2\" role=\"tab\" tabindex=\"-1\" aria-controls=\"elementor-tab-content-2332\" aria-expanded=\"false\">Kombination mit Pellets<\/div>\n\t\t\t\t\t\t\t\t\t<div id=\"elementor-tab-title-2333\" class=\"elementor-tab-title elementor-tab-desktop-title\" aria-selected=\"false\" data-tab=\"3\" role=\"tab\" tabindex=\"-1\" aria-controls=\"elementor-tab-content-2333\" aria-expanded=\"false\">Funktion<\/div>\n\t\t\t\t\t\t\t\t\t<div id=\"elementor-tab-title-2334\" class=\"elementor-tab-title elementor-tab-desktop-title\" aria-selected=\"false\" data-tab=\"4\" role=\"tab\" tabindex=\"-1\" aria-controls=\"elementor-tab-content-2334\" aria-expanded=\"false\">Steuerung<\/div>\n\t\t\t\t\t\t\t\t\t<div id=\"elementor-tab-title-2335\" class=\"elementor-tab-title elementor-tab-desktop-title\" aria-selected=\"false\" data-tab=\"5\" role=\"tab\" tabindex=\"-1\" aria-controls=\"elementor-tab-content-2335\" aria-expanded=\"false\">Kontakt<\/div>\n\t\t\t\t\t\t\t<\/div>\n\t\t\t<div class=\"elementor-tabs-content-wrapper\" role=\"tablist\" aria-orientation=\"vertical\">\n\t\t\t\t\t\t\t\t\t<div class=\"elementor-tab-title elementor-tab-mobile-title\" aria-selected=\"true\" data-tab=\"1\" role=\"tab\" tabindex=\"0\" aria-controls=\"elementor-tab-content-2331\" aria-expanded=\"false\">ETA SH Varianten<\/div>\n\t\t\t\t\t<div id=\"elementor-tab-content-2331\" class=\"elementor-tab-content elementor-clearfix\" data-tab=\"1\" role=\"tabpanel\" aria-labelledby=\"elementor-tab-title-2331\" tabindex=\"0\" hidden=\"false\"><div><p>Der\u00a0<strong>ETA SH<\/strong>\u00a0Kessel ist f\u00fcr Einfamilien-, Mehrfamilienh\u00e4user und Bauernh\u00f6fen geeignet.<span class=\"apple-converted-space\">\u00a0<\/span><br \/>Der hocheffektive Kessel wird mit Scheitholz betrieben und im normal Fall m\u00fcssen Sie nur einmal am Tag Holz nachlegen. Herrschen sehr kalte Tage m\u00fcsste vielleicht zweimal am Tag nachgelegt werden. Den\u00a0<strong>ETA SH\u00a0<\/strong>Kessel erhalten Sie mit einer Leistung ab 20 kW bis 60 kW.<\/p><\/div><p>Ein Kessel zum selber Nachlegen. Mit dem <strong>ETA Holzvergaserkessel<\/strong> m\u00fcssen Sie im Normalfall nur ein mal am Tag Scheitholz nachlegen. Folgen sehr kalte Tage, dann eventuell zweimal am Tag.\u00a0<\/p><p>Vollautomatisch l\u00e4uft der Kessel jedoch nicht. Wenn Sie die Vorz\u00fcge des automatischen Heizen genie\u00dfen m\u00f6chten, empfiehlt sich der <strong>ETA SH-P<\/strong> Kessel. Ein Scheitholzkessel in Kombination mit einem Pelletskessel unterst\u00fctzt den automatischen Heizvorgang von ganz allein. Sobald der <strong>ETA SH<\/strong> Kessel kein Scheitholz mehr zum Verbrennen hat, arbeitet der Pelletskessel nach einer gewissen Zeit automatisch und beginnt zu heizen.\u00a0<\/p><p>F\u00fcr Ein- und Mehrfamilienh\u00e4user bietet sich leistungstechnisch ein Kessel von 20 &#8211; 60 kW an. F\u00fcr Bauernh\u00f6fe sollten 20 W bis 60 kW gen\u00fcgen.\u00a0<\/p><\/div>\n\t\t\t\t\t\t\t\t\t<div class=\"elementor-tab-title elementor-tab-mobile-title\" aria-selected=\"false\" data-tab=\"2\" role=\"tab\" tabindex=\"-1\" aria-controls=\"elementor-tab-content-2332\" aria-expanded=\"false\">Kombination mit Pellets<\/div>\n\t\t\t\t\t<div id=\"elementor-tab-content-2332\" class=\"elementor-tab-content elementor-clearfix\" data-tab=\"2\" role=\"tabpanel\" aria-labelledby=\"elementor-tab-title-2332\" tabindex=\"0\" hidden=\"hidden\"><p>Sie m\u00fcssen sich nicht sofort entscheiden, ob Sie mit Pellets heizen m\u00f6chten. Der <strong>ETA SH-P<\/strong> kann auch ohne Pelletbunker Inbetrieb genommen werden. Der optionale Pelletflansch Zusatz erm\u00f6glicht eine einfache Installation des <strong>ETA Twin.<\/strong> Der <strong>ETA Twin<\/strong> Kessel kann flexibel auf der rechten oder linken Seite des <strong>ETA SH-P<\/strong> Kessel angebaut werden.\u00a0<\/p><\/div>\n\t\t\t\t\t\t\t\t\t<div class=\"elementor-tab-title elementor-tab-mobile-title\" aria-selected=\"false\" data-tab=\"3\" role=\"tab\" tabindex=\"-1\" aria-controls=\"elementor-tab-content-2333\" aria-expanded=\"false\">Funktion<\/div>\n\t\t\t\t\t<div id=\"elementor-tab-content-2333\" class=\"elementor-tab-content elementor-clearfix\" data-tab=\"3\" role=\"tabpanel\" aria-labelledby=\"elementor-tab-title-2333\" tabindex=\"0\" hidden=\"hidden\"><p><strong>Wie aus Holz W\u00e4rme entsteht<\/strong><\/p><p><strong>1. Saugturbine:<\/strong><br \/>Pellets werden vom Pelltslager in den Zwischenbeh\u00e4lter des Kessels bef\u00f6rdert.<\/p><p><strong>2. Vorratsbeh\u00e4lter:<\/strong><br \/>60 Kg Pellets passen in den Vorratsbeh\u00e4lter und sind bereit zum Verheizen.<\/p><p><strong>3.<\/strong> <strong>Zellradschleuse<\/strong> <strong>als R\u00fcckbrandschutzeinrichtung:\u00a0<\/strong><br \/>Sie sch\u00fctz vor einem R\u00fcckbrand, indem sie als dichtes Tor zwischen Brennkammer und Lager dient.<\/p><p><strong>4. Pelletsbrennkammer:<\/strong><br \/>Weil Pellets eine andere Verbrennungseigenschaft haben wie Scheitholz, werden diese in eigenen Kammern verbannt. Somit wird h\u00f6chste effizient erzielt.<\/p><p><strong>5. Drehrost mit Reinigungskamm:<\/strong><br \/>Das Patentierte System reinigt die Brennkammer regelm\u00e4\u00dfig.<\/p><p><strong>6. \u00dcbergangsflansch in Gl\u00fchzonenbrennkammer:<\/strong><br \/>Dort ist die Brennkammer f\u00fcr Pellets und Scheitholz verbunden.<\/p><p><strong>7. Saugzuggebl\u00e4se:<\/strong><br \/>Das Saugzuggebl\u00e4se sorgt f\u00fcr einen Unterdruck im Kessel und regelt die Luftmenge.<\/p><p><strong>8. Entmischung und Reinigung:<\/strong><br \/>Die Reinigung, Entmischung und Wartung kann von vorne erledigt werden.\u00a0<\/p><p><strong>9. Isoliert\u00fcr:<\/strong><br \/>Die Isolierte Au\u00dfent\u00fcr sch\u00fctz vor W\u00e4rmeverlust.<\/p><p><strong>10. Gr\u00fc\u00dfe Bef\u00fcllt\u00fcr:<\/strong><br \/>Damit das Holznachlegen einfach ist.<\/p><p><strong>11. Schwelgasabsaugung:<\/strong><br \/>Wenn die Bef\u00fcllt\u00fcr offen ist, wird mit der Schwelgasabsaugung den Austritt von Rauch verhindert.<\/p><p><strong>12. Gro\u00dfer F\u00fcllraum:<\/strong><br \/>Seltenes Nachlegen durch gro\u00dfe Kapazit\u00e4t. Der SH 20\/30 hat eine F\u00fcllmenge von 150 Liter und der SH 40\/50\/60 von 223 Liter.<\/p><p><strong>13. Temperaturbest\u00e4ndige Gussroste:<\/strong><br \/>Sie sch\u00fctzen die Teile der Brennkammer, die am st\u00e4rksten der Hitze ausgesetzt sind.\u00a0<\/p><p><strong>14. Patentierte Gl\u00fchzonenbrennkammer:<\/strong><br \/>Ist besonders Hitzebest\u00e4ndig und mit Dehnungsfugen versehen.<\/p><p><img fetchpriority=\"high\" decoding=\"async\" class=\"alignnone size-medium wp-image-1145\" src=\"https:\/\/dpe-energietechnik.de\/wp-content\/uploads\/2023\/03\/ETA_Schnitt_TWIN-1-300x298.png\" alt=\"\" width=\"300\" height=\"298\" srcset=\"https:\/\/dpe-energietechnik.de\/wp-content\/uploads\/2023\/03\/ETA_Schnitt_TWIN-1-300x298.png 300w, https:\/\/dpe-energietechnik.de\/wp-content\/uploads\/2023\/03\/ETA_Schnitt_TWIN-1-150x150.png 150w, https:\/\/dpe-energietechnik.de\/wp-content\/uploads\/2023\/03\/ETA_Schnitt_TWIN-1.png 604w\" sizes=\"(max-width: 300px) 100vw, 300px\" \/><\/p><\/div>\n\t\t\t\t\t\t\t\t\t<div class=\"elementor-tab-title elementor-tab-mobile-title\" aria-selected=\"false\" data-tab=\"4\" role=\"tab\" tabindex=\"-1\" aria-controls=\"elementor-tab-content-2334\" aria-expanded=\"false\">Steuerung<\/div>\n\t\t\t\t\t<div id=\"elementor-tab-content-2334\" class=\"elementor-tab-content elementor-clearfix\" data-tab=\"4\" role=\"tabpanel\" aria-labelledby=\"elementor-tab-title-2334\" tabindex=\"0\" hidden=\"hidden\"><p><strong>ETA Heiztechnik GmbH<\/strong> hat den Touchscreen benutzerfreundlich entwickelt. Mit einfachen Symbolen ist der ETAtouch schnell zu verstehen. Mit eindeutigen Icons ist es ihnen m\u00f6glich, am Kessel selber, PC, Handy oder Tablet verschiedene Einstellungen zu t\u00e4tigen.<br \/>Sie regeln nicht nur den Kessel, sonder haben auch wichtige Komponenten wie z. B Pufferspeicher, Solaranlagen, Pelletslager und Warmwasserbereitung im Blick.\u00a0<\/p><p><strong>Internetplattform meinETA<br \/><\/strong>Loggen Sie sich unter www.meinETA.at ein, damit Sie ihren Kessel aus der Ferne bedienen k\u00f6nnen. Sie k\u00f6nnen den F\u00fcllstand ihres Pelletslagers einsehen, das der Aschebeh\u00e4lter geleert werden muss oder der Heizungsservice ansteht. meinETA erinnert Sie kostenlos per Mail daran. \u00a0<strong><br \/><\/strong><\/p><p><strong>Technische Voraussetzung<br \/><\/strong>Damit Sie meinETA nutzen k\u00f6nnen, muss ihr Kessel mit dem Netzwerk verbunden werden. Sollten Sie keine Netzwerkverbindung im Raum haben, wo der Kessel steht, k\u00f6nnen Sie die Verbindung \u00fcber ETA PowerLine herstellen. Die Daten werden bequem \u00fcber \u00a0die Steckdose an das Modem \u00fcbertragen.<\/p><p><strong>Display<\/strong><br \/>Die ETAtouch Regelung bietet viele Einstellungen\/ \u00dcbersichten an. Ohne Mehrpreis erhalten Sie bereits s\u00e4mtliche Funktionen f\u00fcr zwei Heizkreise, die Warmwasserbereitung \u00fcber Speicher oder Frischwassermodul sowie die Integration einer Solaranlage.\u00a0<\/p><\/div>\n\t\t\t\t\t\t\t\t\t<div class=\"elementor-tab-title elementor-tab-mobile-title\" aria-selected=\"false\" data-tab=\"5\" role=\"tab\" tabindex=\"-1\" aria-controls=\"elementor-tab-content-2335\" aria-expanded=\"false\">Kontakt<\/div>\n\t\t\t\t\t<div id=\"elementor-tab-content-2335\" class=\"elementor-tab-content elementor-clearfix\" data-tab=\"5\" role=\"tabpanel\" aria-labelledby=\"elementor-tab-title-2335\" tabindex=\"0\" hidden=\"hidden\"><p>Sie haben Fragen oder m\u00f6chten einen Termin vereinbaren?<br \/>Dann rufen Sie uns an oder schreiben Sie eine E-Mail.<\/p><p><strong>Kontakt<\/strong><\/p><p>Tel.: 0461 500 899 90<\/p><p>E-Mail: <a href=\"mailto:info@dpe-energietechnik.de\">info@dpe-energietechnik.de<\/a><\/p><\/div>\n\t\t\t\t\t\t\t<\/div>\n\t\t<\/div>\n\t\t\t\t\t\t<\/div>\n\t\t\t\t<\/div>\n\t\t\t\t\t<\/div>\n\t\t<\/div>\n\t\t\t\t\t<\/div>\n\t\t<\/section>\n\t\t\t\t<section class=\"elementor-section elementor-top-section elementor-element elementor-element-a228dec elementor-section-boxed elementor-section-height-default elementor-section-height-default\" data-id=\"a228dec\" data-element_type=\"section\" data-e-type=\"section\">\n\t\t\t\t\t\t<div class=\"elementor-container elementor-column-gap-default\">\n\t\t\t\t\t<div class=\"elementor-column elementor-col-100 elementor-top-column elementor-element elementor-element-25d2f11\" data-id=\"25d2f11\" data-element_type=\"column\" data-e-type=\"column\">\n\t\t\t<div class=\"elementor-widget-wrap elementor-element-populated\">\n\t\t\t\t\t\t<div class=\"elementor-element elementor-element-bc3b22e elementor-widget elementor-widget-spacer\" data-id=\"bc3b22e\" data-element_type=\"widget\" data-e-type=\"widget\" data-widget_type=\"spacer.default\">\n\t\t\t\t<div class=\"elementor-widget-container\">\n\t\t\t\t\t\t\t<div class=\"elementor-spacer\">\n\t\t\t<div class=\"elementor-spacer-inner\"><\/div>\n\t\t<\/div>\n\t\t\t\t\t\t<\/div>\n\t\t\t\t<\/div>\n\t\t\t\t\t<\/div>\n\t\t<\/div>\n\t\t\t\t\t<\/div>\n\t\t<\/section>\n\t\t\t\t<section class=\"elementor-section elementor-top-section elementor-element elementor-element-f06d907 elementor-section-boxed elementor-section-height-default elementor-section-height-default\" data-id=\"f06d907\" data-element_type=\"section\" data-e-type=\"section\">\n\t\t\t\t\t\t<div class=\"elementor-container elementor-column-gap-default\">\n\t\t\t\t\t<div class=\"elementor-column elementor-col-25 elementor-top-column elementor-element elementor-element-06db5d0\" data-id=\"06db5d0\" data-element_type=\"column\" data-e-type=\"column\">\n\t\t\t<div class=\"elementor-widget-wrap elementor-element-populated\">\n\t\t\t\t\t\t<div class=\"elementor-element elementor-element-5ed40e3 elementor-widget elementor-widget-image\" data-id=\"5ed40e3\" data-element_type=\"widget\" data-e-type=\"widget\" data-widget_type=\"image.default\">\n\t\t\t\t<div class=\"elementor-widget-container\">\n\t\t\t\t\t\t\t\t\t\t\t\t\t\t\t<img decoding=\"async\" width=\"150\" height=\"150\" src=\"https:\/\/dpe-energietechnik.de\/wp-content\/uploads\/2023\/02\/ETA_SH_20-60_DE-150x150.png\" class=\"attachment-thumbnail size-thumbnail wp-image-461\" alt=\"\" \/>\t\t\t\t\t\t\t\t\t\t\t\t\t\t\t<\/div>\n\t\t\t\t<\/div>\n\t\t\t\t<div class=\"elementor-element elementor-element-fa67192 elementor-widget elementor-widget-text-editor\" data-id=\"fa67192\" data-element_type=\"widget\" data-e-type=\"widget\" data-widget_type=\"text-editor.default\">\n\t\t\t\t<div class=\"elementor-widget-container\">\n\t\t\t\t\t\t\t\t\t<p style=\"text-align: center;\">ETA SH Holzvergaserkessel<\/p>\t\t\t\t\t\t\t\t<\/div>\n\t\t\t\t<\/div>\n\t\t\t\t\t<\/div>\n\t\t<\/div>\n\t\t\t\t<div class=\"elementor-column elementor-col-25 elementor-top-column elementor-element elementor-element-37c367e\" data-id=\"37c367e\" data-element_type=\"column\" data-e-type=\"column\">\n\t\t\t<div class=\"elementor-widget-wrap elementor-element-populated\">\n\t\t\t\t\t\t<div class=\"elementor-element elementor-element-0afff92 elementor-widget elementor-widget-image\" data-id=\"0afff92\" data-element_type=\"widget\" data-e-type=\"widget\" data-widget_type=\"image.default\">\n\t\t\t\t<div class=\"elementor-widget-container\">\n\t\t\t\t\t\t\t\t\t\t\t\t\t\t\t<img decoding=\"async\" width=\"150\" height=\"150\" src=\"https:\/\/dpe-energietechnik.de\/wp-content\/uploads\/2023\/03\/ETA_SH_Schnitt-150x150.png\" class=\"attachment-thumbnail size-thumbnail wp-image-1112\" alt=\"\" \/>\t\t\t\t\t\t\t\t\t\t\t\t\t\t\t<\/div>\n\t\t\t\t<\/div>\n\t\t\t\t<div class=\"elementor-element elementor-element-c54f9f9 elementor-widget elementor-widget-text-editor\" data-id=\"c54f9f9\" data-element_type=\"widget\" data-e-type=\"widget\" data-widget_type=\"text-editor.default\">\n\t\t\t\t<div class=\"elementor-widget-container\">\n\t\t\t\t\t\t\t\t\t<p style=\"text-align: center;\">ETA SH Holzvergaserkessel<\/p>\t\t\t\t\t\t\t\t<\/div>\n\t\t\t\t<\/div>\n\t\t\t\t\t<\/div>\n\t\t<\/div>\n\t\t\t\t<div class=\"elementor-column elementor-col-25 elementor-top-column elementor-element elementor-element-361f737\" data-id=\"361f737\" data-element_type=\"column\" data-e-type=\"column\">\n\t\t\t<div class=\"elementor-widget-wrap elementor-element-populated\">\n\t\t\t\t\t\t<div class=\"elementor-element elementor-element-172aac8 elementor-widget elementor-widget-image\" data-id=\"172aac8\" data-element_type=\"widget\" data-e-type=\"widget\" data-widget_type=\"image.default\">\n\t\t\t\t<div class=\"elementor-widget-container\">\n\t\t\t\t\t\t\t\t\t\t\t\t\t\t\t<img loading=\"lazy\" decoding=\"async\" width=\"150\" height=\"150\" src=\"https:\/\/dpe-energietechnik.de\/wp-content\/uploads\/2023\/02\/ETA_SH-TWIN_DE-150x150.png\" class=\"attachment-thumbnail size-thumbnail wp-image-464\" alt=\"\" \/>\t\t\t\t\t\t\t\t\t\t\t\t\t\t\t<\/div>\n\t\t\t\t<\/div>\n\t\t\t\t<div class=\"elementor-element elementor-element-3c12f58 elementor-widget elementor-widget-text-editor\" data-id=\"3c12f58\" data-element_type=\"widget\" data-e-type=\"widget\" data-widget_type=\"text-editor.default\">\n\t\t\t\t<div class=\"elementor-widget-container\">\n\t\t\t\t\t\t\t\t\t<p style=\"text-align: center;\">ETA SH-P Holzvergaserkessel<\/p>\t\t\t\t\t\t\t\t<\/div>\n\t\t\t\t<\/div>\n\t\t\t\t\t<\/div>\n\t\t<\/div>\n\t\t\t\t<div class=\"elementor-column elementor-col-25 elementor-top-column elementor-element elementor-element-cda1c99\" data-id=\"cda1c99\" data-element_type=\"column\" data-e-type=\"column\">\n\t\t\t<div class=\"elementor-widget-wrap elementor-element-populated\">\n\t\t\t\t\t\t<div class=\"elementor-element elementor-element-fd2dc9d elementor-widget elementor-widget-image\" data-id=\"fd2dc9d\" data-element_type=\"widget\" data-e-type=\"widget\" data-widget_type=\"image.default\">\n\t\t\t\t<div class=\"elementor-widget-container\">\n\t\t\t\t\t\t\t\t\t\t\t\t\t\t\t<img loading=\"lazy\" decoding=\"async\" width=\"150\" height=\"150\" src=\"https:\/\/dpe-energietechnik.de\/wp-content\/uploads\/2023\/03\/ETA_Schnitt_TWIN-150x150.png\" class=\"attachment-thumbnail size-thumbnail wp-image-1113\" alt=\"\" srcset=\"https:\/\/dpe-energietechnik.de\/wp-content\/uploads\/2023\/03\/ETA_Schnitt_TWIN-150x150.png 150w, https:\/\/dpe-energietechnik.de\/wp-content\/uploads\/2023\/03\/ETA_Schnitt_TWIN-300x298.png 300w, https:\/\/dpe-energietechnik.de\/wp-content\/uploads\/2023\/03\/ETA_Schnitt_TWIN.png 604w\" sizes=\"(max-width: 150px) 100vw, 150px\" \/>\t\t\t\t\t\t\t\t\t\t\t\t\t\t\t<\/div>\n\t\t\t\t<\/div>\n\t\t\t\t<div class=\"elementor-element elementor-element-79f15fa elementor-widget elementor-widget-text-editor\" data-id=\"79f15fa\" data-element_type=\"widget\" data-e-type=\"widget\" data-widget_type=\"text-editor.default\">\n\t\t\t\t<div class=\"elementor-widget-container\">\n\t\t\t\t\t\t\t\t\t<p style=\"text-align: center;\">ETA SH-P Holzvergaserkessel<\/p>\t\t\t\t\t\t\t\t<\/div>\n\t\t\t\t<\/div>\n\t\t\t\t\t<\/div>\n\t\t<\/div>\n\t\t\t\t\t<\/div>\n\t\t<\/section>\n\t\t\t\t<section class=\"elementor-section elementor-top-section elementor-element elementor-element-a8512fd elementor-section-boxed elementor-section-height-default elementor-section-height-default\" data-id=\"a8512fd\" data-element_type=\"section\" data-e-type=\"section\">\n\t\t\t\t\t\t<div class=\"elementor-container elementor-column-gap-default\">\n\t\t\t\t\t<div class=\"elementor-column elementor-col-100 elementor-top-column elementor-element elementor-element-e953af3\" data-id=\"e953af3\" data-element_type=\"column\" data-e-type=\"column\">\n\t\t\t<div class=\"elementor-widget-wrap elementor-element-populated\">\n\t\t\t\t\t\t<div class=\"elementor-element elementor-element-3d00ece elementor-widget elementor-widget-text-editor\" data-id=\"3d00ece\" data-element_type=\"widget\" data-e-type=\"widget\" data-widget_type=\"text-editor.default\">\n\t\t\t\t<div class=\"elementor-widget-container\">\n\t\t\t\t\t\t\t\t\t<p style=\"text-align: center;\"><em><strong>Bilder und Informationen von ETA Heiztechnik GmbH<\/strong><\/em><\/p>\t\t\t\t\t\t\t\t<\/div>\n\t\t\t\t<\/div>\n\t\t\t\t\t<\/div>\n\t\t<\/div>\n\t\t\t\t\t<\/div>\n\t\t<\/section>\n\t\t\t\t<section class=\"elementor-section elementor-top-section elementor-element elementor-element-82f0a22 elementor-section-boxed elementor-section-height-default elementor-section-height-default\" data-id=\"82f0a22\" data-element_type=\"section\" data-e-type=\"section\">\n\t\t\t\t\t\t<div class=\"elementor-container elementor-column-gap-default\">\n\t\t\t\t\t<div class=\"elementor-column elementor-col-100 elementor-top-column elementor-element elementor-element-7c093b0\" data-id=\"7c093b0\" data-element_type=\"column\" data-e-type=\"column\">\n\t\t\t<div class=\"elementor-widget-wrap elementor-element-populated\">\n\t\t\t\t\t\t<div class=\"elementor-element elementor-element-f7cbea7 elementor-widget elementor-widget-spacer\" data-id=\"f7cbea7\" data-element_type=\"widget\" data-e-type=\"widget\" data-widget_type=\"spacer.default\">\n\t\t\t\t<div class=\"elementor-widget-container\">\n\t\t\t\t\t\t\t<div class=\"elementor-spacer\">\n\t\t\t<div class=\"elementor-spacer-inner\"><\/div>\n\t\t<\/div>\n\t\t\t\t\t\t<\/div>\n\t\t\t\t<\/div>\n\t\t\t\t\t<\/div>\n\t\t<\/div>\n\t\t\t\t\t<\/div>\n\t\t<\/section>\n\t\t\t\t<\/div>\n\t\t","protected":false},"excerpt":{"rendered":"<p>Sie m\u00f6chten erfahren, ob eine Hachgutanlage das richtige f\u00fcr Sie ist? Hier sind die wichtigsten Informationen zu den Heizkessel, wenn Sie dennoch fragen haben, rufen Sie uns gerne an. Wir [&hellip;]<\/p>\n","protected":false},"author":1,"featured_media":0,"parent":0,"menu_order":0,"comment_status":"closed","ping_status":"closed","template":"elementor_header_footer","meta":{"footnotes":""},"class_list":["post-585","page","type-page","status-publish","hentry"],"_links":{"self":[{"href":"https:\/\/dpe-energietechnik.de\/home\/wp-json\/wp\/v2\/pages\/585","targetHints":{"allow":["GET"]}}],"collection":[{"href":"https:\/\/dpe-energietechnik.de\/home\/wp-json\/wp\/v2\/pages"}],"about":[{"href":"https:\/\/dpe-energietechnik.de\/home\/wp-json\/wp\/v2\/types\/page"}],"author":[{"embeddable":true,"href":"https:\/\/dpe-energietechnik.de\/home\/wp-json\/wp\/v2\/users\/1"}],"replies":[{"embeddable":true,"href":"https:\/\/dpe-energietechnik.de\/home\/wp-json\/wp\/v2\/comments?post=585"}],"version-history":[{"count":58,"href":"https:\/\/dpe-energietechnik.de\/home\/wp-json\/wp\/v2\/pages\/585\/revisions"}],"predecessor-version":[{"id":1533,"href":"https:\/\/dpe-energietechnik.de\/home\/wp-json\/wp\/v2\/pages\/585\/revisions\/1533"}],"wp:attachment":[{"href":"https:\/\/dpe-energietechnik.de\/home\/wp-json\/wp\/v2\/media?parent=585"}],"curies":[{"name":"wp","href":"https:\/\/api.w.org\/{rel}","templated":true}]}}